-1000512
Convert -56258 (base 11) to base 9.
-133711
7489 (base 15) to base 11
17583
Convert -111121223 (base 4) to base 7.
-513365
-214020202 (base 5) to base 8
-3413051
What is 94a82 (base 12) in base 16?
2fa02
Convert -11012021030 (base 4) to base 14.
-26aba4
-312215110 (base 6) to base 9
-11185576
5332340 (base 6) to base 7
2135052
Convert 323103211 (base 4) to base 10.
242917
741773 (base 8) to base 5
30344104
-657878 (base 14) to base 16
-347d22
Convert -168c234 (base 13) to base 7.
-116063241
What is 314020 (base 9) in base 16?
2d912
What is -19834 (base 13) in base 6?
-1022121
100100010000100000 (base 2) to base 7
1155660
Convert -14718 (base 15) to base 2.
-10000000010111011
Convert -28d03 (base 16) to base 6.
-3325535
What is 3103656 (base 7) in base 5?
43333433
-90237 (base 11) to base 13
-4814a
279424 (base 11) to base 9
735502
What is 121023333210 (base 4) in base 16?
64bfe4
-11101100110010101 (base 2) to base 13
-4324c
Convert -12012024 (base 5) to base 7.
-636320
Convert 298a4 (base 13) to base 12.
39439
277971 (base 10) to base 8
1036723
Convert -14433114 (base 7) to base 2.
-101001110011000111011
-41615 (base 9) to base 15
-8218
222568a (base 11) to base 10
3901985
491153 (base 11) to base 4
2331310023
Convert 3101042 (base 5) to base 9.
75708
Convert 203354034 (base 6) to base 5.
1400424034
Convert -11021120121020 (base 3) to base 10.
-2274918
-3213420 (base 5) to base 11
-37825
Convert 1d538 (base 16) to base 11.
82280
-20101100110 (base 3) to base 12
-60863
Convert -26c596 (base 13) to base 9.
-1684171
-220151 (base 9) to base 7
-1054636
Convert -53a06 (base 12) to base 11.
-75972
What is -603034 (base 7) in base 14?
-291c4
Convert -1077247 (base 8) to base 6.
-10151423
Convert -2075865 (base 9) to base 3.
-2002112222012
What is -124134132 (base 6) in base 11?
-1416257
4c28bc (base 13) to base 9
3404451
What is -6457418 (base 10) in base 14?
-c01402
What is -1011202010110 (base 3) in base 12?
-261726
Convert 2dd80 (base 16) to base 5.
22002101
Convert 133001045 (base 7) to base 3.
121011100112222
Convert 33014222 (base 6) to base 15.
145e82
What is 28187562 (base 9) in base 3?
222012221122002
-2220110111220 (base 3) to base 13
-420c5a
Convert -42323454 (base 7) to base 13.
-98728b
What is 1011110000110101001 (base 2) in base 13?
10659c
What is -6595998 (base 10) in base 14?
-c39b0a
11111000110000010 (base 2) to base 15
27b0c
What is 2020220112201 (base 3) in base 2?
100100100101100011001
-4f00b5 (base 16) to base 15
-6c4135
What is -120231031 (base 4) in base 7?
-601015
Convert 1a529a (base 11) to base 13.
b019a
-2011014 (base 5) to base 10
-32009
What is 1104334 (base 6) in base 2?
1101100010000010
-42a84 (base 15) to base 13
-7542a
-2273176 (base 12) to base 16
-65042a
Convert 11220000021 (base 3) to base 8.
273753
Convert -8834cb (base 13) to base 4.
-30032301322
111111011001110101111 (base 2) to base 9
3815851
Convert 486767 (base 15) to base 4.
31031303212
Convert -c013b (base 16) to base 6.
-24510203
-11c0ad (base 15) to base 11
-531130
What is -191aa (base 14) in base 13?
-22b65
-1018a8 (base 12) to base 2
-111101011111000000
Convert -198a8ba (base 12) to base 8.
-24506216
Convert -20021021121122 (base 3) to base 2.
-1100101101011110001011
Convert -493360 (base 12) to base 11.
-741323
-1101011000000101011 (base 2) to base 6
-13221123
Convert -54004112 (base 7) to base 16.
-4608ad
Convert 338ba (base 12) to base 13.
25357
What is -1493103 (base 14) in base 8?
-46217477
What is -154a666 (base 13) in base 5?
-3221224321
What is 2e24d (base 16) in base 9?
317235
488c03 (base 13) to base 4
12213022103
966579 (base 14) to base 5
2300312323
Convert 34012002 (base 5) to base 8.
1105430
-166523 (base 8) to base 16
-ed53
-6b787c (base 13) to base 15
-358243
What is 25a231 (base 12) in base 16?
971c5
-39d16 (base 16) to base 4
-321310112
What is -2073a31 (base 12) in base 2?
-10111010111000100000101
What is 10435141 (base 7) in base 9?
1621221
230643 (base 7) to base 2
1010000010110110
Convert -230b7a4 (base 13) to base 5.
-10230333411
Convert -120110002122 (base 3) to base 4.
-1022033000
2220100200000 (base 3) to base 11
963850
-122201020 (base 3) to base 14
-49c4
Convert 3132621 (base 8) to base 15.
116bc8
1928a (base 11) to base 13
c36b
-163a85 (base 11) to base 2
-111110000011110001
Convert 415304 (base 6) to base 12.
17534
-21810a1 (base 12) to base 6
-344532321
Convert -521707 (base 9) to base 4.
-1023212212
5333281 (base 9) to base 4
22321120021
Convert 20144231 (base 5) to base 12.
7a009
163040 (base 8) to base 13
20a79
What is -2153203 (base 6) in base 12?
-52803
Convert 1a1a5d (base 14) to base 11.
58332a
Convert 12223201 (base 4) to base 14.
9d85
22220011001 (base 3) to base 6
3430301
10442423 (base 5) to base 6
2000452
Convert 10311111032 (base 4) to base 11.
795a29
What is 101333222000 (base 4) in base 16?
47fa80
27a35 (base 12) to base 7
316331
Convert -4c021d (base 14) to base 12.
-a5bb97
131112302 (base 4) to base 3
20002221102
1a557 (base 11) to base 8
67712
-85452 (base 14) to base 13
-b369b
-105342235 (base 6) to base 14
-3879b9
What is -4cb338 (base 14) in base 12?
-a756b2
What is 31013311230 (base 4) in base 8?
15076554
What is -180544 (base 10) in base 6?
-3511504
Convert -10101101010101010101 (base 2) to base 12.
-2a2a45
53235643 (base 7) to base 9
8438341
Convert 2ed76e (base 16) to base 2.
1011101101011101101110
What is 10110111100110100 (base 2) in base 3?
11202221122
Convert 116851a (base 11) to base 16.
1f0074
-75181 (base 14) to base 4
-1011010331
What is -7424 (base 15) in base 12?
-12267
Convert 36111173 (base 9) to base 13.
38549bb
What is -1010010001111101001000 (base 2) in base 3?
-12001220211020
What is -16777553 (base 8) in base 16?
-3bff6b
Convert b3a34 (base 12) to base 5.
30003020
-4e1c44 (base 16) to base 10
-5119044
Convert -159b0a (base 13) to base 16.
-82cbc
266358 (base 10) to base 12
10a186
Convert -10163033 (base 7) to base 6.
-30202025
20e302 (base 15) to base 12
636785
What is 123300123203 (base 4) in base 11?
411a841
Convert 598511 (base 13) to base 15.
2c1a4e
2898321 (base 12) to base 14
1127093
Convert -1345113 (base 8) to base 16.
-5ca4b
What is 2e4b4 (base 16) in base 11?
11a512
200e9 (base 16) to base 2
100000000011101001
What is 11023310 (base 5) in base 10?
95455
-13520124 (base 6) to base 2
-1110000101001110100
Convert 1052004 (base 9) to base 2.
10001010000111001100
Convert -100100111001011001 (base 2) to base 6.
-3123401
863b1 (base 13) to base 9
408355
-4f675 (base 16) to base 6
-10545421
What is -17981a (base 13) in base 8?
-2204760
20223230120 (base 4) to base 12
919248
What is -3151999 (base 12) in base 5?
-4341013410
What is 1000000001000011001000 (base 2) in base 9?
3852572
436495 (base 10) to base 5
102431440
Convert 11001343 (base 6) to base 9.
547430
Convert 111010203 (base 5) to base 10.
485053
31113002 (base 4) to base 3
2210001202
What is 79b20 (base 12) in base 9?
266576
What is 13431132 (base 5) in base 8?
420426
What is 17036447 (base 8) in base 12?
13a4747
What is 1410103300 (base 5) in base 12?
1255951
264ddd (base 15) to base 9
3412731
-22230252 (base 6) to base 11
-41a481
Convert -652514 (base 8) to base 14.
-59872
What is 200201204 (base 5) in base 7?
6460304
Convert 51124203 (base 6) to base 11.
906170
What is 9551 (base 16) in base 7?
216305
Convert 55d (base 14) to base 2.
10000100111
-13346266 (base 8) to base 16
-2dccb6
Convert -b9c4 (base 13) to base 15.
-79d3
What is -9616210 (base 10) in base 5?
-4430204320
Convert -16540200 (base 9) to base 4.
-133220232102
Convert 931a (base 16) to base 11.
26325
-137742 (base 10) to base 16
-21a0e
-287454 (base 14) to base 5
-324344132
What is -111103200323 (base 4) in base 3?
-101111202010012
Convert -507413 (base 9) to base 10.
-300684
2010774 (base 12) to base 7
101642431
Convert -202210020010 (base 3) to base 8.
-1437056
What is -100100101101111111 (base 2) in base 15?
-2e869
Convert -165a05 (base 12) to base 8.
-1354545
What is 12222001102 (base 3) in base 16?
1ca9f
Convert -12111111021 (base 3) to base 15.
-2211a
Convert -4074252 (base 8) to base 5.
-234020331
-d5185 (base 14) to base 10
-513441
2020212022 (base 3) to base 16
ad51
Convert 117023 (base 10) to base 14.
3090b
15431 (base 7) to base